 s(z) = 8*b(z) + 3*h(z). Let w be (2 + 1)/((-6)/8). Let u = w - -3. Determine s(u).
-5
Let s(a) = -2*a**3 - a**2 + a - 1. Suppose -3*d - 9 = 6*w - 3*w, -2*d = -w - 6. Give s(d).
-3
Suppose -5*b + a - 28 = 0, 3*b = -2*a + 7*a - 30. Let s(i) = i**3 + 4*i**2 - 7*i - 6. Let n be s(b). Let y = -4 + n. Let l(d) = d**3 + d + 6. Give l(y).
6
Let l(r) = 4 - 3 + 2*r - 3 - r**3. Give l(2).
-6
Let z = 10 + -5. Let m(t) = -4*t**2 + 6*t - 4. Let l(u) = -11*u**2 + 18*u - 13. Let y be 3*(-1 - (-15)/(-9)). Let w(b) = y*m(b) + 3*l(b). Give w(z).
-2
Let w(s) = 4*s**2 - 2*s - 8. Let n(j) = -j. Let c(q) = n(q) + w(q). Let k(z) = z**2 - z - 3. Let m(y) = 2*c(y) - 7*k(y). Calculate m(0).
5
Let c(y) = -3*y**2 + 7*y - 7. Let o(h) = 4*h**2 - 11*h + 10. Let l(i) = -7*c(i) - 5*o(i). Calculate l(-7).
6
Let j(m) = 2*m**2 + m**3 + 3*m**2 + 0*m + 2 + 5*m. Let u = 7 - 10. Let r be j(u). Let q(k) = 2*k - 4. Determine q(r).
6
Let k = 13 - 11. Let d(q) = -3*q**2 - 3*q - 2. Let t(n) = 7*n**2 + 7*n + 4. Let g(p) = -9*d(p) - 4*t(p). Determine g(k).
-4
Let j(k) be the third derivative of -1/15*k**5 - k**2 - 1/120*k**6 + 0 + 0*k + 1/6*k**3 - 1/12*k**4. Give j(-3).
-2
Let j(m) = -3*m - 26. Let t(w) = w + 9. Let z(o) = -3*j(o) - 8*t(o). Suppose -5*s + 3*s = -6. Let q(x) = x**2 - 2*x - 3. Let h be q(s). Calculate z(h).
6
Let q(n) = -n**3 + 5*n**2 - 2*n + 7. Let r be q(5). Let l(v) be the second derivative of -v**5/20 - v**4/6 + v**3/6 - 5*v. Give l(r).
6
Let q(c) = c - 2. Let x(r) = 2*r - 2. Let k(u) = -6*q(u) + 4*x(u). Suppose -5*p - 10 = -4*o, -o - 2 - 21 = 3*p. Give k(p).
-8
Let z(l) = l - 5. Let m = -6 - -3. Let r = -1 - m. Suppose -r*h + h = -5. Give z(h).
0
Let p(k) = -k - k - 1 - 2 + 1. Let w(n) = -n**2 - 4*n. Let s be w(-2). Determine p(s).
-10
Let n(i) = i**2 - 7*i + 4. Suppose -2*z + 0*z + 32 = 4*d, 31 = z + 5*d. Determine n(z).
-2
Let o(m) = -7*m**3 - 2*m**2 + 2*m - 7. Let j(f) = -4*f**3 - f**2 + f - 3. Let a(x) = 5*j(x) - 3*o(x). Let y = 2 + -3. Let p = -1 - y. What is a(p)?
6
Let x be (-8)/3 - 1/3. Let i(h) be the first derivative of h**2 + 4*h + 62. What is i(x)?
-2
Let u(d) = -d**3 + 8*d**2 - 8*d. Suppose 5*b = -3*y + 50, 0*b + 26 = 3*b + y. Calculate u(b).
-7
Let l = 10 + -3. Let v(f) = 6*f - f + f - l - 5*f. What is v(3)?
-4
Let q(p) = -2. Let b(u) = 2*u + 7. Let f(y) = -b(y) + 3*q(y). Calculate f(-12).
11
Let q(s) = -s**2 + 3*s + 3. Let c be q(5). Let i = c - -7. Let f(h) = 1 + i - 3 - 2*h - 2. Determine f(-4).
4
Let a(b) = -b**3 + 4*b**2 - 3*b + 1. Let z be 5*(0 + 3/5). Let s be a(z). Let x(t) = -t**2 + t. Let g(f) = 3*f**2 + 1. Let k(l) = s*g(l) - 2*x(l). Give k(1).
4
Let u(w) = w**3 + 4*w**2 + 4. Let h(j) = -j**2 + 9*j - 8. Let x be h(7). Let z be 2/x + 39/(-9). Let y be ((-2)/z)/((-1)/8). Determine u(y).
4
Let r(l) = -l**2 + l + 2. Let b be -4 - (-19)/57*6/1. Give r(b).
-4
Let u = -13 + 9. Let r(x) = x**3 + 6*x**2 + 6*x + 5. Calculate r(u).
13
Let n(j) = j - 4. Let l(x) = -x**2 - 12*x - 25. Let z be l(-7). Calculate n(z).
6
Let f(l) be the first derivative of -l**4/4 + l**3 + 3*l**2/2 - 4*l - 18. Determine f(4).
-8
Let c(y) = y + 0*y + 3*y**2 - 2*y**2. Let s(o) = o - 4. Suppose -2*d + g + 12 = 3, 5*g = d - 9. Let q be s(d). Calculate c(q).
0
Let v be (-3 + 7/((-28)/(-8)))*0. Let b(j) be the second derivative of 7/2*j**2 + v - 2*j - 1/6*j**3. Calculate b(6).
1
Let n(c) = 12*c**2 + 3*c + 4*c - 8 - 13*c**2. Calculate n(7).
-8
Let a(q) = 33*q**2 + 9*q + 11. Let b(o) = -17*o**2 - 5*o - 6. Let g(v) = -6*a(v) - 11*b(v). Give g(1).
-10
Let v(h) = -3*h**2 - 3 + 23*h**3 - 24*h**3 + 5*h**2 + 2*h. What is v(3)?
-6
Let a(k) be the second derivative of -k**5/20 - 5*k**4/12 - k**3/2 + k**2/2 + 2*k. Let o(p) = 2*p**3 - 10*p**2 - 2*p + 6. Let y be o(5). Give a(y).
-3
Let h(f) = f**3 + 8*f**2 - 2. Let p be h(-8). Let s(z) = 3*z**3 + 4*z**2 + 2*z - 2. Determine s(p).
-14
Suppose -3*l + j - 14 = 0, 3*l + 10 = -2*l - 5*j. Let b(w) = -2*w - 4*w + w - w**2. Determine b(l).
4
Let m(c) = -3*c**2 - 3*c - 3. Let s(h) = 2 + 2*h - 5 + 2*h - 5*h. Let p be s(-1). Calculate m(p).
-9
Let g(z) = -6*z**3 + 2*z - 1. Let w = -3 + 4. Let o be g(w). Let c(h) = h**3 + 6*h**2 + 7*h + 2. Give c(o).
-8
Let u(f) = f**3 + 8*f**2 + 1. Let v(l) = -l**2. Let a(n) = u(n) + 6*v(n). Let x(k) = -k + 9. Let i = -2 - -13. Let s be x(i). Determine a(s).
1
Let p(b) be the first derivative of b**4/4 - 5*b**3/3 + 3*b**2 - 4*b + 2. Let q(j) = -j**2 + j. Let w = 6 + -7. Let n(a) = w*p(a) + q(a). Give n(3).
-2
Let n(p) be the second derivative of 7/6*p**3 - 1/20*p**5 - 5/12*p**4 - 1/2*p**2 - 4*p + 0. Give n(-6).
-7
Let n(p) be the first derivative of -p**3/3 + 3*p**2/2 - 4*p + 2. Let h be n(3). Let q(v) = v**2 + 5*v + 6. Determine q(h).
2
Suppose -5 - 11 = -4*p. Let u(j) = -j**2 - j - 3*j + p - 2*j. Give u(-5).
9
Let u(l) = 6 - 5 + l - 2. Determine u(2).
1
Let x(a) = -4*a + 2. Let i be -2 - 1 - 0/4. Give x(i).
14
Let i(s) = -s**2 - s - 2*s - 2 - 2*s. Suppose 2*h = 5 - 17. Determine i(h).
-8
Let g(w) be the first derivative of -3*w**2/2 + 9*w + 1. Let k(m) = 10 - 1 - 5*m + 5. Let d(n) = -8*g(n) + 5*k(n). Give d(5).
-7
Let m(p) = p + 1. Suppose 8*l - 6*l + 6 = 0. Determine m(l).
-2
Let w be -5 + 5 - (-2 - -2). Suppose l + 15 = -4*j, 0*l - 5*j - 21 = -l. Let d(i) = 3 - l + i**2 - 2*i**2 + i. What is d(w)?
2
Let z(u) be the third derivative of -u**4/24 + 7*u**3/6 - 6*u**2. Give z(6).
1
Let t(f) = f**2 - 4*f - 2. Let p be (-72)/(-14) + 1/(-7). Determine t(p).
3
Let f be 3*((-1)/3 - 0). Let i be (-1 + f)*(-4)/8. Let h(r) = -r - 2*r - 7*r**2 + 3*r. Calculate h(i).
-7
Let z = 10 - 4. Let f = 1 - 1. Let i(h) = -h + 3*h**2 - h**3 + 3*h**2 + f + 1 + 1. Give i(z).
-4
Suppose 2*y = -14 + 2. Let t(m) = m**2 + 6*m - 6. What is t(y)?
-6
Let l(s) = 0 - 2*s + 2*s**2 - 1 + s - s**2. Let d(h) = -h**2 + 6*h + 2. Let t(k) = d(k) + 3*l(k). Suppose -9 = w + 2*w. Give t(w).
8
Let o(a) = a - 7. Let f(z) = -z + 11. Let d be f(6). Determine o(d).
-2
Let t(c) = -c - 1. Let g(z) = -z**3 - 4*z**2 + 4*z - 3. Let h = 1 - 0. Let r be 5/(-2)*(3 - h). Let p be g(r). Calculate t(p).
-3
Let g(c) be the second derivative of -1/6*c**3 + 0 - 3*c + 1/20*c**5 - 5/2*c**2 + 0*c**4. What is g(0)?
-5
Let a = 70 + -62. Let i(v) = -v. Calculate i(a).
-8
Let r(b) = b**3 + b**2 - b + 4. Let t = 6 + -6. Determine r(t).
4
Let r(x) be the second derivative of -x**3/6 + 5*x**2/2 + 6*x. Determine r(5).
0
Let t be (22/(-1))/(2/(-1)). Let a(z) = -6*z - 7 + 2*z + 10*z**2 - 4*z - t*z**2. Determine a(-6).
5
Let f(p) = 3*p**2 + 8*p - 5. Let i(j) = 4*j**2 + 12*j - 7. Let o be 10/(-45) - (-94)/18. Let l(y) = o*i(y) - 7*f(y). Calculate l(3).
3
Let a = -15 - -19. Let m(r) = -3*r**2 + 4*r + 1. Let g(n) = 7*n**2 - 8*n - 1. Let l(i) = -2*g(i) - 5*m(i). Determine l(a).
-3
Let l = -20 + 29. Suppose -19 = -4*i + l. Let f(t) = 2*t - 10. Give f(i).
4
Let l(g) = -g**2 + 9*g - 8. Let q be l(7). Let j(n) = n**2 - q + 2*n - n - 8*n. What is j(7)?
-6
Let g(j) = -3*j**2. Suppose -2*s - 8 = 0, 3*l + l - s = 8. Calculate g(l).
-3
Let i(w) = -14*w**3 - 32*w**2 - 3*w + 23. Let v(x) = 5*x**3 + 11*x**2 + x - 8. Let l(o) = 6*i(o) + 17*v(o). Give l(4).
-18
Let y(j) = 2*j + 3. Let x(n) = 5*n + 6. Let l(r) = -3*x(r) + 7*y(r). Calculate l(6).
-3
Let m = 3 - -1. Let z(s) be the second derivative of -s**3/2 + 5*s**2/2 - 12*s. Determine z(m).
-7
Let l(n) = -6*n**2 - 11*n - 6. Let q(t) = 7*t**2 + 12*t + 7. Let i(m) = -6*l(m) - 5*q(m). Calculate i(-6).
1
Suppose 2*f + 3 + 3 = 0. Let v be -1*(-2)/(-3)*f. Let x(h) = -4*h. Calculate x(v).
-8
Let p(a) = a**3 - a**2 + a + 14. Suppose 0 = d + 6*d. Give p(d).
14
Let u(g) be the first derivative of -g**3/3 - 3*g**2/2 - 3*g - 13. What is u(-2)?
-1
Let s(j) = j**2 - 10*j + 11. Let h be s(9). Let d(x) = x**2 - x**h - 4*x - x**2 + x - 3. Determine d(-3).
-3
Let w(s) be the third derivative of s**4/24 + s**3/3 + 3*s**2. Suppose 4*x - 4*p = 28, 5*x - 32 = -0*p + 4*p. What is w(x)?
6
Let w(q) = -q**3 - 4*q**2 - q - 5. Let v be (-138)/33 + 4/22. Give w(v).
-1
Let f = 19 - 30. Let l = -7 - f. Suppose -4*w = u, -2*u - 2*w + l*w - 10 = 0. Let x(i) = i + 4. Calculate x(u).
0
Let l(q) = q**2 + 2. Suppose 2*a + 11 = f - 2*f, -5*a - 25 = 2*f. Determine l(a).
11
Let f(r) = r**3 + r**2 - r - 7. Let n be (-10)/15 + (-1)/(6/(-4)). Determine f(n).
-7
Let q(g) = 16*g + 11. Let l(s) = -3*s - 2